{"id":1302,"date":"2021-03-31T16:01:38","date_gmt":"2021-03-31T14:01:38","guid":{"rendered":"http:\/\/bleurenard.fr\/?page_id=1302"},"modified":"2021-09-02T14:46:57","modified_gmt":"2021-09-02T12:46:57","slug":"le-choix-dune-communication-graphique","status":"publish","type":"page","link":"https:\/\/bleurenard.fr\/?page_id=1302","title":{"rendered":"Pour une cr\u00e9ation d&rsquo;identit\u00e9 visuelle"},"content":{"rendered":"\t\t<div data-elementor-type=\"wp-page\" data-elementor-id=\"1302\" class=\"elementor elementor-1302\">\n\t\t\t\t\t\t<section class=\"elementor-section elementor-top-section elementor-element elementor-element-b8d86aa elementor-section-content-middle elementor-section-boxed elementor-section-height-default elementor-section-height-default\" data-id=\"b8d86aa\" data-element_type=\"section\" data-settings=\"{&quot;background_background&quot;:&quot;classic&quot;}\">\n\t\t\t\t\t\t\t<div class=\"elementor-background-overlay\"><\/div>\n\t\t\t\t\t\t\t<div class=\"elementor-container elementor-column-gap-default\">\n\t\t\t\t\t<div class=\"elementor-column elementor-col-100 elementor-top-column elementor-element elementor-element-eefdfdb\" data-id=\"eefdfdb\" data-element_type=\"column\">\n\t\t\t<div class=\"elementor-widget-wrap elementor-element-populated\">\n\t\t\t\t\t\t<div class=\"elementor-element elementor-element-0611db5 elementor-widget elementor-widget-heading\" data-id=\"0611db5\" data-element_type=\"widget\" data-widget_type=\"heading.default\">\n\t\t\t\t<div class=\"elementor-widget-container\">\n\t\t\t\t\t<h2 class=\"elementor-heading-title elementor-size-default\">pour cibler votre but<\/h2>\t\t\t\t<\/div>\n\t\t\t\t<\/div>\n\t\t\t\t<div class=\"elementor-element elementor-element-48c5abe elementor-widget elementor-widget-text-editor\" data-id=\"48c5abe\" data-element_type=\"widget\" data-widget_type=\"text-editor.default\">\n\t\t\t\t<div class=\"elementor-widget-container\">\n\t\t\t\t\t\t\t\t\t<p>Cr\u00e9ation d&rsquo;identit\u00e9 visuelle<\/p>\t\t\t\t\t\t\t\t<\/div>\n\t\t\t\t<\/div>\n\t\t\t\t\t<\/div>\n\t\t<\/div>\n\t\t\t\t\t<\/div>\n\t\t<\/section>\n\t\t\t\t<section class=\"elementor-section elementor-top-section elementor-element elementor-element-dd6ae86 elementor-section-boxed elementor-section-height-default elementor-section-height-default\" data-id=\"dd6ae86\" data-element_type=\"section\">\n\t\t\t\t\t\t<div class=\"elementor-container elementor-column-gap-default\">\n\t\t\t\t\t<div class=\"elementor-column elementor-col-100 elementor-top-column elementor-element elementor-element-242d91b\" data-id=\"242d91b\" data-element_type=\"column\">\n\t\t\t<div class=\"elementor-widget-wrap elementor-element-populated\">\n\t\t\t\t\t\t<div class=\"elementor-element elementor-element-7a98b34 elementor-widget elementor-widget-spacer\" data-id=\"7a98b34\" data-element_type=\"widget\" data-widget_type=\"spacer.default\">\n\t\t\t\t<div class=\"elementor-widget-container\">\n\t\t\t\t\t\t\t<div class=\"elementor-spacer\">\n\t\t\t<div class=\"elementor-spacer-inner\"><\/div>\n\t\t<\/div>\n\t\t\t\t\t\t<\/div>\n\t\t\t\t<\/div>\n\t\t\t\t\t<\/div>\n\t\t<\/div>\n\t\t\t\t\t<\/div>\n\t\t<\/section>\n\t\t\t\t<section class=\"elementor-section elementor-top-section elementor-element elementor-element-394a2f2 elementor-section-boxed elementor-section-height-default elementor-section-height-default\" data-id=\"394a2f2\" data-element_type=\"section\">\n\t\t\t\t\t\t<div class=\"elementor-container elementor-column-gap-default\">\n\t\t\t\t\t<div class=\"elementor-column elementor-col-100 elementor-top-column elementor-element elementor-element-620c988\" data-id=\"620c988\" data-element_type=\"column\">\n\t\t\t<div class=\"elementor-widget-wrap elementor-element-populated\">\n\t\t\t\t\t\t<div class=\"elementor-element elementor-element-582da22 elementor-widget elementor-widget-wpforms\" data-id=\"582da22\" data-element_type=\"widget\" data-widget_type=\"wpforms.default\">\n\t\t\t\t<div class=\"elementor-widget-container\">\n\t\t\t\t\t<div class=\"wpforms-container wpforms-container-full\" id=\"wpforms-1079\"><form id=\"wpforms-form-1079\" class=\"wpforms-validate wpforms-form\" data-formid=\"1079\" method=\"post\" enctype=\"multipart\/form-data\" action=\"\/index.php?rest_route=%2Fwp%2Fv2%2Fpages%2F1302\" data-token=\"3201e7a68b71facd71f318c8f3ef7f95\" data-token-time=\"1778198821\"><noscript class=\"wpforms-error-noscript\">Veuillez activer JavaScript dans votre navigateur pour remplir ce formulaire.<\/noscript><div class=\"wpforms-field-container\"><div id=\"wpforms-1079-field_13-container\" class=\"wpforms-field wpforms-field-name\" data-field-id=\"13\"><label class=\"wpforms-field-label\">Nom <span class=\"wpforms-required-label\">*<\/span><\/label><div class=\"wpforms-field-row wpforms-field-medium\"><div class=\"wpforms-field-row-block wpforms-first wpforms-one-half\"><input type=\"text\" id=\"wpforms-1079-field_13\" class=\"wpforms-field-name-first wpforms-field-required\" name=\"wpforms[fields][13][first]\" required><label for=\"wpforms-1079-field_13\" class=\"wpforms-field-sublabel after\">Pr\u00e9nom<\/label><\/div><div class=\"wpforms-field-row-block wpforms-one-half\"><input type=\"text\" id=\"wpforms-1079-field_13-last\" class=\"wpforms-field-name-last wpforms-field-required\" name=\"wpforms[fields][13][last]\" required><label for=\"wpforms-1079-field_13-last\" class=\"wpforms-field-sublabel after\">Nom<\/label><\/div><\/div><\/div><div id=\"wpforms-1079-field_10-container\" class=\"wpforms-field wpforms-field-textarea\" data-field-id=\"10\"><label class=\"wpforms-field-label\" for=\"wpforms-1079-field_10\">Pouvez-vous me d\u00e9crire votre activit\u00e9 en quelques lignes ?<\/label><textarea id=\"wpforms-1079-field_10\" class=\"wpforms-field-medium\" name=\"wpforms[fields][10]\" ><\/textarea><\/div><div id=\"wpforms-1079-field_11-container\" class=\"wpforms-field wpforms-field-checkbox\" data-field-id=\"11\"><label class=\"wpforms-field-label\">De quoi avez-vous besoin ? (plusieurs options possibles)<\/label><ul id=\"wpforms-1079-field_11\"><li class=\"choice-1 depth-1\"><input type=\"checkbox\" id=\"wpforms-1079-field_11_1\" name=\"wpforms[fields][11][]\" value=\"D&#039;une cr\u00e9ation de logo\"  ><label class=\"wpforms-field-label-inline\" for=\"wpforms-1079-field_11_1\">D'une cr\u00e9ation de logo<\/label><\/li><li class=\"choice-2 depth-1\"><input type=\"checkbox\" id=\"wpforms-1079-field_11_2\" name=\"wpforms[fields][11][]\" value=\"De modifier votre logo actuel\"  ><label class=\"wpforms-field-label-inline\" for=\"wpforms-1079-field_11_2\">De modifier votre logo actuel<\/label><\/li><li class=\"choice-3 depth-1\"><input type=\"checkbox\" id=\"wpforms-1079-field_11_3\" name=\"wpforms[fields][11][]\" value=\"De vectoriser votre logo (meilleure qualit\u00e9)\"  ><label class=\"wpforms-field-label-inline\" for=\"wpforms-1079-field_11_3\">De vectoriser votre logo (meilleure qualit\u00e9)<\/label><\/li><li class=\"choice-4 depth-1\"><input type=\"checkbox\" id=\"wpforms-1079-field_11_4\" name=\"wpforms[fields][11][]\" value=\"D&#039;une identit\u00e9 visuelle plus compl\u00e8te (d\u00e9clinaison, couleurs, \u00e9l\u00e9ment graphique ajout\u00e9s, motif, carte de visite...)\"  ><label class=\"wpforms-field-label-inline\" for=\"wpforms-1079-field_11_4\">D'une identit\u00e9 visuelle plus compl\u00e8te (d\u00e9clinaison, couleurs, \u00e9l\u00e9ment graphique ajout\u00e9s, motif, carte de visite...)<\/label><\/li><li class=\"choice-5 depth-1\"><input type=\"checkbox\" id=\"wpforms-1079-field_11_5\" name=\"wpforms[fields][11][]\" value=\"D&#039;une charte graphique pr\u00e9cisant de mani\u00e8re plus d\u00e9taill\u00e9e, les recommandations d&#039;utilisation\"  ><label class=\"wpforms-field-label-inline\" for=\"wpforms-1079-field_11_5\">D'une charte graphique pr\u00e9cisant de mani\u00e8re plus d\u00e9taill\u00e9e, les recommandations d'utilisation<\/label><\/li><li class=\"choice-6 depth-1\"><input type=\"checkbox\" id=\"wpforms-1079-field_11_6\" name=\"wpforms[fields][11][]\" value=\"Autre\"  ><label class=\"wpforms-field-label-inline\" for=\"wpforms-1079-field_11_6\">Autre<\/label><\/li><\/ul><\/div><div id=\"wpforms-1079-field_2-container\" class=\"wpforms-field wpforms-field-textarea\" data-field-id=\"2\"><label class=\"wpforms-field-label\" for=\"wpforms-1079-field_2\">Qui sont vos clients, votre cible ?<\/label><textarea id=\"wpforms-1079-field_2\" class=\"wpforms-field-medium\" name=\"wpforms[fields][2]\" ><\/textarea><\/div><div id=\"wpforms-1079-field_4-container\" class=\"wpforms-field wpforms-field-textarea\" data-field-id=\"4\"><label class=\"wpforms-field-label\" for=\"wpforms-1079-field_4\">Quelles sont les valeurs, id\u00e9es, choix, r\u00e9f\u00e9rences, mod\u00e8le que vous voulez v\u00e9hiculer ? Exemple de logo ou contre exemple ?<\/label><textarea id=\"wpforms-1079-field_4\" class=\"wpforms-field-medium\" name=\"wpforms[fields][4]\" ><\/textarea><\/div><div id=\"wpforms-1079-field_5-container\" class=\"wpforms-field wpforms-field-textarea\" data-field-id=\"5\"><label class=\"wpforms-field-label\" for=\"wpforms-1079-field_5\">Quels \u00e9l\u00e9ments sp\u00e9cifiques que vous aimeriez voir sur votre logo ou que vous aimeriez voir dans votre identit\u00e9 graphique ? (une typographie manuscrite, la couleur bleu, un aspect vintage, un petit oiseau...)<\/label><textarea id=\"wpforms-1079-field_5\" class=\"wpforms-field-medium\" name=\"wpforms[fields][5]\" ><\/textarea><\/div><div id=\"wpforms-1079-field_7-container\" class=\"wpforms-field wpforms-field-radio\" data-field-id=\"7\"><label class=\"wpforms-field-label\">Un budget ?<\/label><ul id=\"wpforms-1079-field_7\"><li class=\"choice-1 depth-1\"><input type=\"radio\" id=\"wpforms-1079-field_7_1\" name=\"wpforms[fields][7]\" value=\"Moins de 300\"  ><label class=\"wpforms-field-label-inline\" for=\"wpforms-1079-field_7_1\">Moins de 300<\/label><\/li><li class=\"choice-2 depth-1\"><input type=\"radio\" id=\"wpforms-1079-field_7_2\" name=\"wpforms[fields][7]\" value=\"Entre 300 et 500\"  ><label class=\"wpforms-field-label-inline\" for=\"wpforms-1079-field_7_2\">Entre 300 et 500<\/label><\/li><li class=\"choice-3 depth-1\"><input type=\"radio\" id=\"wpforms-1079-field_7_3\" name=\"wpforms[fields][7]\" value=\"Entre 500 et 800\"  ><label class=\"wpforms-field-label-inline\" for=\"wpforms-1079-field_7_3\">Entre 500 et 800<\/label><\/li><li class=\"choice-4 depth-1\"><input type=\"radio\" id=\"wpforms-1079-field_7_4\" name=\"wpforms[fields][7]\" value=\"Entre 800 et 1000\"  ><label class=\"wpforms-field-label-inline\" for=\"wpforms-1079-field_7_4\">Entre 800 et 1000<\/label><\/li><li class=\"choice-5 depth-1\"><input type=\"radio\" id=\"wpforms-1079-field_7_5\" name=\"wpforms[fields][7]\" value=\"Plus de 1000\"  ><label class=\"wpforms-field-label-inline\" for=\"wpforms-1079-field_7_5\">Plus de 1000<\/label><\/li><\/ul><\/div><div id=\"wpforms-1079-field_12-container\" class=\"wpforms-field wpforms-field-text\" data-field-id=\"12\"><label class=\"wpforms-field-label\" for=\"wpforms-1079-field_12\">Avez-vous une date d&#039;\u00e9ch\u00e9ance ?<\/label><input type=\"text\" id=\"wpforms-1079-field_12\" class=\"wpforms-field-medium\" name=\"wpforms[fields][12]\" ><\/div><div id=\"wpforms-1079-field_9-container\" class=\"wpforms-field wpforms-field-email\" data-field-id=\"9\"><label class=\"wpforms-field-label\" for=\"wpforms-1079-field_9\">Laissez-moi votre E-mail pour que je vous recontact <span class=\"wpforms-required-label\">*<\/span><\/label><input type=\"email\" id=\"wpforms-1079-field_9\" class=\"wpforms-field-medium wpforms-field-required\" name=\"wpforms[fields][9]\" spellcheck=\"false\" required><\/div><\/div><!-- .wpforms-field-container --><div class=\"wpforms-submit-container\" ><input type=\"hidden\" name=\"wpforms[id]\" value=\"1079\"><input type=\"hidden\" name=\"page_title\" value=\"\"><input type=\"hidden\" name=\"page_url\" value=\"https:\/\/bleurenard.fr\/index.php?rest_route=\/wp\/v2\/pages\/1302\"><input type=\"hidden\" name=\"url_referer\" value=\"\"><button type=\"submit\" name=\"wpforms[submit]\" id=\"wpforms-submit-1079\" class=\"wpforms-submit\" data-alt-text=\"Envoi...\" data-submit-text=\"Envoyer\" aria-live=\"assertive\" value=\"wpforms-submit\">Envoyer<\/button><\/div><\/form><\/div>  <!-- .wpforms-container -->\t\t\t\t<\/div>\n\t\t\t\t<\/div>\n\t\t\t\t\t<\/div>\n\t\t<\/div>\n\t\t\t\t\t<\/div>\n\t\t<\/section>\n\t\t\t\t<section class=\"elementor-section elementor-top-section elementor-element elementor-element-589a4a6 elementor-section-boxed elementor-section-height-default elementor-section-height-default\" data-id=\"589a4a6\" data-element_type=\"section\">\n\t\t\t\t\t\t<div class=\"elementor-container elementor-column-gap-default\">\n\t\t\t\t\t<div class=\"elementor-column elementor-col-100 elementor-top-column elementor-element elementor-element-9c3c261\" data-id=\"9c3c261\" data-element_type=\"column\">\n\t\t\t<div class=\"elementor-widget-wrap elementor-element-populated\">\n\t\t\t\t\t\t<div class=\"elementor-element elementor-element-7ee5cc7 elementor-widget-divider--view-line elementor-widget elementor-widget-divider\" data-id=\"7ee5cc7\" data-element_type=\"widget\" data-widget_type=\"divider.default\">\n\t\t\t\t<div class=\"elementor-widget-container\">\n\t\t\t\t\t\t\t<div class=\"elementor-divider\">\n\t\t\t<span class=\"elementor-divider-separator\">\n\t\t\t\t\t\t<\/span>\n\t\t<\/div>\n\t\t\t\t\t\t<\/div>\n\t\t\t\t<\/div>\n\t\t\t\t<div class=\"elementor-element elementor-element-5889be3 elementor-widget elementor-widget-spacer\" data-id=\"5889be3\" data-element_type=\"widget\" data-widget_type=\"spacer.default\">\n\t\t\t\t<div class=\"elementor-widget-container\">\n\t\t\t\t\t\t\t<div class=\"elementor-spacer\">\n\t\t\t<div class=\"elementor-spacer-inner\"><\/div>\n\t\t<\/div>\n\t\t\t\t\t\t<\/div>\n\t\t\t\t<\/div>\n\t\t\t\t<div class=\"elementor-element elementor-element-c3466db elementor-widget elementor-widget-text-editor\" data-id=\"c3466db\" data-element_type=\"widget\" data-widget_type=\"text-editor.default\">\n\t\t\t\t<div class=\"elementor-widget-container\">\n\t\t\t\t\t\t\t\t\t<p>Si vous voulez m&rsquo;en dire encore un peu plus :<\/p>\t\t\t\t\t\t\t\t<\/div>\n\t\t\t\t<\/div>\n\t\t\t\t\t<\/div>\n\t\t<\/div>\n\t\t\t\t\t<\/div>\n\t\t<\/section>\n\t\t\t\t<section class=\"elementor-section elementor-top-section elementor-element elementor-element-262724d elementor-section-boxed elementor-section-height-default elementor-section-height-default\" data-id=\"262724d\" data-element_type=\"section\">\n\t\t\t\t\t\t<div class=\"elementor-container elementor-column-gap-default\">\n\t\t\t\t\t<div class=\"elementor-column elementor-col-100 elementor-top-column elementor-element elementor-element-ae95b32\" data-id=\"ae95b32\" data-element_type=\"column\">\n\t\t\t<div class=\"elementor-widget-wrap elementor-element-populated\">\n\t\t\t\t\t\t<div class=\"elementor-element elementor-element-f5cfcbe elementor-widget elementor-widget-wpforms\" data-id=\"f5cfcbe\" data-element_type=\"widget\" data-widget_type=\"wpforms.default\">\n\t\t\t\t<div class=\"elementor-widget-container\">\n\t\t\t\t\t<div class=\"wpforms-container wpforms-container-full\" id=\"wpforms-80\"><form id=\"wpforms-form-80\" class=\"wpforms-validate wpforms-form\" data-formid=\"80\" method=\"post\" enctype=\"multipart\/form-data\" action=\"\/index.php?rest_route=%2Fwp%2Fv2%2Fpages%2F1302\" data-token=\"537676f296d1dff5db241e330ddf1916\" data-token-time=\"1778198821\"><noscript class=\"wpforms-error-noscript\">Veuillez activer JavaScript dans votre navigateur pour remplir ce formulaire.<\/noscript><div class=\"wpforms-field-container\"><div id=\"wpforms-80-field_0-container\" class=\"wpforms-field wpforms-field-name\" data-field-id=\"0\"><label class=\"wpforms-field-label\" for=\"wpforms-80-field_0\">Nom <span class=\"wpforms-required-label\">*<\/span><\/label><input type=\"text\" id=\"wpforms-80-field_0\" class=\"wpforms-field-medium wpforms-field-required\" name=\"wpforms[fields][0]\" required><\/div><div id=\"wpforms-80-field_1-container\" class=\"wpforms-field wpforms-field-email\" data-field-id=\"1\"><label class=\"wpforms-field-label\" for=\"wpforms-80-field_1\">E-mail <span class=\"wpforms-required-label\">*<\/span><\/label><input type=\"email\" id=\"wpforms-80-field_1\" class=\"wpforms-field-medium wpforms-field-required\" name=\"wpforms[fields][1]\" spellcheck=\"false\" required><\/div><div id=\"wpforms-80-field_2-container\" class=\"wpforms-field wpforms-field-textarea\" data-field-id=\"2\"><label class=\"wpforms-field-label\" for=\"wpforms-80-field_2\">Message <span class=\"wpforms-required-label\">*<\/span><\/label><textarea id=\"wpforms-80-field_2\" class=\"wpforms-field-medium wpforms-field-required\" name=\"wpforms[fields][2]\" required><\/textarea><div class=\"wpforms-field-description\">Besoin d'une identit\u00e9 visuelle, d'une cr\u00e9ation graphique, d'un site internet ou pour toute autre question, n'h\u00e9sitez pas \u00e0 m'en dire plus !<\/div><\/div><\/div><!-- .wpforms-field-container --><div class=\"wpforms-submit-container\" ><input type=\"hidden\" name=\"wpforms[id]\" value=\"80\"><input type=\"hidden\" name=\"page_title\" value=\"\"><input type=\"hidden\" name=\"page_url\" value=\"https:\/\/bleurenard.fr\/index.php?rest_route=\/wp\/v2\/pages\/1302\"><input type=\"hidden\" name=\"url_referer\" value=\"\"><button type=\"submit\" name=\"wpforms[submit]\" id=\"wpforms-submit-80\" class=\"wpforms-submit\" data-alt-text=\"Envoi...\" data-submit-text=\"Envoyer\" aria-live=\"assertive\" value=\"wpforms-submit\">Envoyer<\/button><\/div><\/form><\/div>  <!-- .wpforms-container -->\t\t\t\t<\/div>\n\t\t\t\t<\/div>\n\t\t\t\t\t<\/div>\n\t\t<\/div>\n\t\t\t\t\t<\/div>\n\t\t<\/section>\n\t\t\t\t<\/div>\n\t\t","protected":false},"excerpt":{"rendered":"<p>pour cibler votre but Cr\u00e9ation d&rsquo;identit\u00e9 visuelle Si vous voulez m&rsquo;en dire encore un peu plus :<\/p>\n","protected":false},"author":1,"featured_media":0,"parent":0,"menu_order":0,"comment_status":"closed","ping_status":"closed","template":"","meta":{"footnotes":""},"_links":{"self":[{"href":"https:\/\/bleurenard.fr\/index.php?rest_route=\/wp\/v2\/pages\/1302"}],"collection":[{"href":"https:\/\/bleurenard.fr\/index.php?rest_route=\/wp\/v2\/pages"}],"about":[{"href":"https:\/\/bleurenard.fr\/index.php?rest_route=\/wp\/v2\/types\/page"}],"author":[{"embeddable":true,"href":"https:\/\/bleurenard.fr\/index.php?rest_route=\/wp\/v2\/users\/1"}],"replies":[{"embeddable":true,"href":"https:\/\/bleurenard.fr\/index.php?rest_route=%2Fwp%2Fv2%2Fcomments&post=1302"}],"version-history":[{"count":37,"href":"https:\/\/bleurenard.fr\/index.php?rest_route=\/wp\/v2\/pages\/1302\/revisions"}],"predecessor-version":[{"id":1542,"href":"https:\/\/bleurenard.fr\/index.php?rest_route=\/wp\/v2\/pages\/1302\/revisions\/1542"}],"wp:attachment":[{"href":"https:\/\/bleurenard.fr\/index.php?rest_route=%2Fwp%2Fv2%2Fmedia&parent=1302"}],"curies":[{"name":"wp","href":"https:\/\/api.w.org\/{rel}","templated":true}]}}